What is z(-7)?
8
Let f(b) = -2*b**3 - 14*b**2 + 20*b + 9. Let s be f(-8). Let o be (s/(-46))/((-2)/(-8)) - 2. Let j(c) = c**2 + 0*c - c + 5 + 2*c. What is j(o)?
5
Suppose 785 = 9*r + 794. Let t(l) be the second derivative of -7*l**5/20 + l**4/12 + l**3/6 + l + 1. What is t(r)?
7
Let d(t) = -t**2 - 15*t + 8. Let r(x) = -2*x**2 - 33*x + 23. Let a(b) = 5*d(b) - 2*r(b). Suppose -s - 28 = 3*s. What is a(s)?
8
Let c(y) = 8*y - 2*y**2 + 13 + 1 - 6 + 3*y**2. Let t = 27 - 23. Suppose 0 = -2*j - 3*l - 22, 0 = -t*l - l - 10. Determine c(j).
8
Let t(x) = x**2 + 10*x - 3. Let o be t(-11). Let m be o/2 + (-6)/1. Let d(i) = -24*i - 7. Let n(v) = -12*v - 3. Let g(p) = -2*d(p) + 5*n(p). Determine g(m).
23
Suppose -1098*t + 976*t = 366. Let w(x) = 17*x + 25. Calculate w(t).
-26
Let d(s) be the second derivative of s**3/6 + 53*s**2/2 + 4838*s. Calculate d(-54).
-1
Suppose -12 = 3*f, 4*f + 27 = 2*j + 1. Suppose 5*k = 3*p - 44, 4*p + k - 24 = -k. Suppose -p*m = -3 - j. Let l(h) = 6*h**3 + h**2 - h. Determine l(m).
6
Suppose 6*p - 7*p + 29 = 0. Let t = p - 27. Let v(u) = -u - 5*u**2 - u + 4 - 2*u + 4*u**t. Calculate v(-4).
4
Let s(p) = -117*p - 63 + 460*p - 113*p - 107*p - 113*p. Determine s(4).
-23
Suppose -8 = a + 3*a, -5*r + 5*a = -110. Suppose 7*p - r = 1. Let h(c) = -6*c + 1 - 3*c**3 + 4*c**3 + 3*c - 3 - c**2. Determine h(p).
7
Suppose 0 = 5*q - 20, 5*l + 3*q - 56 - 146 = 0. Let b(h) be the first derivative of 7*h - 1/3*h**3 - l - 1/2*h**2. Give b(0).
7
Let g(t) = -96*t**3 + 10*t**2 + 7*t + 11. Let w(b) = 83*b**3 - 9*b**2 - 5*b - 10. Let a(c) = -6*g(c) - 7*w(c). Give a(3).
-125
Suppose -2*g = 3*g - 20. Suppose 0*n = 3*n + 3*r + 9, 3*r = g*n + 33. Let h(j) = 2*j**2 + 11*j - 7. Let t be h(n). Let l(y) = 8*y. What is l(t)?
-8
Let y(g) = g + 4. Suppose -51 = -3*p - 33. Suppose 138 = 5*z + i, 3*i + i = -8. Suppose 27*f = z*f + p. Calculate y(f).
-2
Suppose -24*j + 60 = -12*j. Suppose -4*x = m + 8, -j*m - 2*x - 4 = -0*m. Let c(y) = y - 10. Calculate c(m).
-10
Let m(o) = -4*o**3 + o**2 - 8*o + 8. Let j be m(1). Let u(x) = -36*x - 76. Give u(j).
32
Let f be ((-594)/(-88))/(1/4). Let w(i) = -38 + 3*i - 2*i + f. What is w(8)?
-3
Let b(i) = 5*i. Let d(j) = j + 5. Let k be d(6). Suppose -5*x - r + 15 = 0, 2*r + 1 = 4*x - k. Suppose -5*z = -2*z + x. Calculate b(z).
-5
Let l(t) = -3*t - 6. Let d(g) = -41*g + 256. Let u be d(6). Give l(u).
-36
Let k(q) = -16*q**2 + 44*q**2 + 86 + 25*q - 27*q**2 + 7*q. Determine k(-29).
-1
Let z(d) = -155*d + 31 + 308*d - 155*d. Suppose -125*s = -140*s + 195. Give z(s).
5
Let s(z) be the first derivative of 7*z**2/2 - 7*z - 2221. Give s(9).
56
Let o(q) = q - 4. Let p(m) = 5*m**2 + 3*m - 6. Let b be p(2). Suppose b = -3*c - 2*c. What is o(c)?
-8
Let o(c) = -c**2 + 14*c - 19. Let f = -253 - -264. Suppose -f - 13 = -2*m + 2*z, 3*z = 2*m - 24. Calculate o(m).
5
Let d = -3 - -1. Let s(o) = -o**3 - 2*o**2 - o - 1. Let h be s(d). Let a(c) be the second derivative of 27*c**5/20 - c**2/2 + 91*c. What is a(h)?
26
Let y(b) = -2*b**2 - 2*b - 8. Let h be (49/(-14) - -6)/((-1)/2). What is y(h)?
-48
Let o(g) = -2*g + 34. Let f = 405 + -403. Suppose -70 + 104 = f*y. Calculate o(y).
0
Let t(s) = -9*s - 3. Let p(w) = -w**3 - 7*w**2 + 22*w + 119. Let y be p(-8). Give t(y).
-66
Let t be 0/((2 - 1)/(-1)). Suppose a = -t*a + 3*c - 10, -c + 22 = -5*a. Let m(r) be the third derivative of r**5/60 + r**4/8 + 2*r**3/3 + 29*r**2. What is m(a)?
8
Let s(c) be the third derivative of 70*c**2 - 7/24*c**4 + 0*c - 1/60*c**5 + 2/3*c**3 + 1. Give s(-8).
-4
Let u(a) = 3*a**3 - 4*a**2 - 3*a - 46. Let v(f) = -10*f**3 + 12*f**2 + 10*f + 151. Let k(n) = 13*u(n) + 4*v(n). Let b be 7/(7/(-6)) + 2. What is k(b)?
2
Let p(q) = -53 + 75 - 7*q + 8*q. Let n(v) = -v - 20. Let k(y) = -4*n(y) - 3*p(y). Let t be k(-11). Let m(a) = a**3 - 4*a**2 + a. Give m(t).
-6
Let x(y) be the second derivative of y**4/12 - y**3 - y**2/2 - 21*y. Let l(s) = 2*s - 21. Let g be l(0). Let m = 27 + g. What is x(m)?
-1
Let v(m) = -m**2 - 6*m - 11. Let y be v(-2). Let n be y/(-4)*4*(-21)/(-7). Let u(t) = t + 8 - 4*t + 2*t. Determine u(n).
-1
Let y(v) = 173*v + 4685. Let j be y(-27). Let d(m) = m**2 - 11*m - 48. Give d(j).
-6
Let q(z) = z**2 - 3*z - 6. Let p = -271 - -266. Let j be (28 - 20) + 2 + p. What is q(j)?
4
Let a be (1/((-15)/(-18)))/((-8)/60). Let q(z) = -z**3 - 7*z**2 + 7*z - 1. Let i be q(-8). Let y(o) = -5 - i*o + 4*o - 4 - 4. What is y(a)?
14
Let o(f) = f**3 - 23*f**2 - 79*f + 38. Let y be o(26). Let t(p) = p**2 - 19*p + 85. Give t(y).
1
Suppose -56 = 4*r - r - 2*n, -38 = 2*r - n. Let s = -26 - r. Let m = -11 - s. Let c(x) = -x - 3. Calculate c(m).
2
Let c = -1252 - -1255. Let d(m) = 9*m - 4. Let r(i) = i + 1. Let w(l) = -d(l) - 2*r(l). What is w(c)?
-31
Let m(k) = -13*k + 9. Let g(c) = -8*c + 5. Let n(u) = -5*g(u) + 3*m(u). Suppose 2*w - 10 = 3*l - 50, 3*l = 12. Calculate n(w).
-12
Let r(b) = -b - 16. Let s be r(-10). Let v be s/(-21) + (-38)/(-14). Let l(q) = -1 - 13*q**3 + 4*q**2 - 2 + 5*q**3 + 7*q**3 - 57*q + 54*q. Calculate l(v).
-3
Let o be 6/(-180) + (-14)/(-70). Let g(i) be the second derivative of -7/6*i**3 + 0 - o*i**4 - 4*i - 5/2*i**2. Determine g(-4).
-9
Let j(h) = -11*h + 33*h - 7 - 2*h - 11*h - 8*h. Let t(x) = x**2 + 5*x - 6. Let s be t(-5). Give j(s).
-13
Let x(c) be the second derivative of -c**5/20 - 2*c**4 - 25*c**3/6 - 9*c**2/2 - 2981*c. Determine x(-23).
37
Let r(k) be the second derivative of k**6/360 + k**5/30 + k**4/6 - k**3/3 - 3*k**2 - 15*k - 5. Let u(a) be the second derivative of r(a). Determine u(-3).
1
Let j(y) = y + 20. Let a(x) = -x - 19. Let v(i) = -6*a(i) - 5*j(i). Let s be v(-8). Let c(b) = -b**3 + 6*b**2 + 2*b - 5. Calculate c(s).
7
Let i(r) = -2*r. Let p(c) = 7*c - 19. Let n(x) = 4*i(x) + p(x). Let h be n(-26). Let l(m) = -2*m + 5. Determine l(h).
-9
Let r = -1361 - -1372. Let t(d) = -d**2 + 6*d + 9. Calculate t(r).
-46
Suppose 10 = -2*y - 16*g + 15*g, -2*y = -3*g + 18. Let u(q) = 9*q - 7. Let f(p) = 25*p - 20. Let h(z) = y*f(z) + 17*u(z). What is h(3)?
10
Let v(u) = u**2 - u - 5. Let g be ((-2)/4)/(42/(-420)). Let x be (-8)/(-20)*g*(-15)/6. What is v(x)?
25
Let b(g) = -g**3 + 6*g**2 + 5*g + 8. Let h be (1184/96)/((-1)/(-3)). Let x = 44 - h. Determine b(x).
-6
Let q(j) = -j - 1. Let h be q(6). Let y(a) = -2*a + 2*a - 24529 + 7*a**2 + a**3 + 24536. Calculate y(h).
7
Suppose -26*x + 34*x = -128. Let f(z) = -z**3 - 15*z**2 + 13*z - 38. Let t be f(x). Let s(y) = -3*y + 9. What is s(t)?
-21
Suppose o = -z + 1, 18*z - 3 = -o + 15*z. Let u(h) be the third derivative of 0*h - h**2 + o + 1/24*h**4 + 2/3*h**3. Give u(-9).
-5
Let u(x) be the third derivative of 0 + 0*x - 1/60*x**5 - 1/6*x**3 - 1/20*x**6 - 1/12*x**4 + 87*x**2. Give u(-1).
6
Suppose -49*c - 14 = -63*c. Let m(f) = -27*f + 2. What is m(c)?
-25
Let z(h) = -11*h - 233. Let y(g) = 552*g + 11638. Let f(i) = -6*y(i) - 299*z(i). Give f(-8).
23
Let h(x) = -6*x + 42. Let d be 319/33 - 8/3. What is h(d)?
0
Let m be 2/((1 - 5)*17/(-170)). Suppose -291 = m*j - 316. Let q(y) = y + 3. What is q(j)?
8
Let a(w) = 3574 + 3546 + w**2 + w - 7126. Determine a(3).
6
Let x = -20 + 10. Let v be (-2)/x + (-42)/10. Let y(u) be the first derivative of -u**2/2 - u - 7367. Determine y(v).
3
Let f(i) = -5*i**3 - 16*i**2 - 21*i - 34. Let a(b) = 3*b**3 + 10*b**2 + 11*b + 17. Let u(g) = 7*a(g) + 4*f(g). Calculate u(-6).
25
Suppose 0 = -4*t + 2*t + 3*g, 5*t + 3*g = 4*t. Let p(h) = -h**3 - h**2 + h + 58. Determine p(t).
58
Let y(a) = -2*a**2 + 30*a + 5. Let c(h) = -45*h**2 - 542*h - 8. Let s be c(-12). Calculate y(s).
-27
Let h be 56/(-252) - 130/(-18). Let z(r) = h*r + 3*r - 5*r - r - 2. Calculate z(-4).
-18
Let b(x) = 44*x + 2678. Let c be b(-61). Let n(i) = -i**3 - 5*i**2 - 9*i - 96. Calculate n(c).
-6
Let j(g) be the second derivative of g**4/12 + 3*g**3 + 3*g**2/2 - 1525*g. Let n(v) = v**2 + 12*v + 9. Let a be n(-9). What is j(a)?
3
Let z(t) = -57*t + 23 + 0*t**2 - 2*t**2 - 8 + 0*t**2 + 12. Calculate z(-29).
-2
Let r(f) = -f + 1. Suppose -d + 4*d - 3 = 0. Let h(t) = -6 - 2 - 5 - 3*t + 14. Let y(b) = d*h(b) - 4*r(b). Determine y(2).
-1
Let s(x) = -x + 3 + 2*x + 3 - 3*x - 2*x. Let y(h) = -h + 2. Let a(r) = -s(r) + 3*y(r). Give a(9).
9
Let l(v) = -87*v - 131 + 39*v - 46 + 62*v. Give l(12).
-9
Let k(q) = -q + 5*q**2 - q**2 - 6 + 4277*q**3 - 4